144?
18
Suppose 4*p = -5*m - 25, -5*m = -p - 0*p. Let l(i) = i**2 + 6*i + 4. Let t be l(p). Let v be (t - 2)/((-1)/6). Calculate the highest common factor of 126 and v.
18
Suppose -4*i + 490 = 5*j, 2*i = 2*j - 33 - 163. Calculate the highest common divisor of j and 14.
14
Let a = -5 + 8. Suppose -3 - 3 = -3*k + 3*x, 5*k = a*x + 20. Suppose -k = 3*q - 19. What is the highest common factor of q and 20?
4
Let m = 288 + -56. What is the highest common divisor of m and 29?
29
Let h(a) = -4*a - 2. Let j be h(-17). Calculate the greatest common divisor of 44 and j.
22
Let x(r) = r + 20. Let k be x(-13). Let z be k/((-15)/8 - -2). What is the highest common divisor of z and 14?
14
Let g(a) = 2*a**2 - 2*a + 3. Let l be g(-5). Let k(w) = -w**2 - 11*w - 7. Let y be k(-7). What is the highest common factor of l and y?
21
Let u = 1 - -2. Suppose -3*a = -c + 2*a + 31, 0 = -2*c + 2*a + 22. Calculate the greatest common factor of c and u.
3
Let x = 8 + 30. Let y = -6 + 11. Suppose y*i = 2 + 93. Calculate the highest common divisor of x and i.
19
Suppose 5*r - 127 = 2*d, -r - d + 12 + 12 = 0. What is the highest common factor of r and 175?
25
Let s be 6/21 + 2/(-7). Let f = s - -2. Let o be (-6)/(-9) - 14/(-6). What is the greatest common factor of f and o?
1
Let h(b) = -b**3 + 9*b**2 - b. Let x be h(7). Calculate the highest common factor of 13 and x.
13
Suppose -8*a + 315 = -3*a. Calculate the greatest common divisor of 7 and a.
7
Let n be (40/(-25))/(4/(-10)). Suppose -n*i = i. Suppose i = -0*a - 5*a + 20. Calculate the greatest common divisor of 20 and a.
4
Let t(x) = -2*x**2 - 18*x - 7. Let b(s) = s**2 + 9*s + 3. Let k(p) = 5*b(p) + 3*t(p). Let u be k(-6). Calculate the greatest common factor of 6 and u.
6
Let s be ((-1)/(-2))/((-4)/(-16)). Suppose -6*x + s*x = f - 99, 5*f + 130 = 5*x. Calculate the highest common divisor of 250 and x.
25
Suppose 7*y - 5*y = 20. What is the greatest common divisor of y and 90?
10
Suppose 4*j = 52 - 16. Let l = -34 - -43. Calculate the highest common factor of j and l.
9
Suppose s + 2 = -1. Let b = 0 - s. Suppose -b*o - 2*d = -0*d - 52, 0 = -3*o + d + 37. What is the highest common factor of o and 56?
14
Let w = -6 + 6. Suppose w*d + 2*d = 260. Suppose -4*n - 54 = -d. Calculate the greatest common factor of 133 and n.
19
Let d(o) = -o + 33. Let s be d(-13). Calculate the greatest common divisor of s and 46.
46
Let p = -46 + 197. Let z = 255 - p. What is the greatest common divisor of z and 26?
26
Let r(v) = 7*v - 4. Let t be r(4). What is the highest common factor of t and 264?
24
Let v be (-3 + -4 + 0)*-1. What is the highest common divisor of v and 28?
7
Let h be 3/1*21/9. Let g = -2 + h. What is the greatest common divisor of 5 and g?
5
Suppose -z - 33 + 225 = 0. Suppose 0 = -b - b + z. What is the greatest common factor of b and 12?
12
Let x(l) = -1. Let q(g) = -2*g + 13. Let i(m) = -q(m) - 2*x(m). Let z be i(13). What is the highest common factor of 120 and z?
15
Let v = 37 + -17. What is the greatest common factor of 50 and v?
10
Let f(d) = -5*d**3 + d**2 - d - 1. Let r be f(-1). Suppose 0 = 5*g + 1 - r. What is the greatest common divisor of g and 7?
1
Suppose 0*y + 2*y = -16. Let l(r) = r**2 + 6*r - 8. Let k be l(y). What is the greatest common divisor of 64 and k?
8
Let x be -1 - 2*-1 - -1. Suppose -6 = x*c - 4*c. Suppose 5*f = 4*n - 43, -3*n - 5*f + c = -3. What is the greatest common divisor of 49 and n?
7
Suppose 0 = -4*r - 2*t + 42, 5 = -t - 0*t. Let j be (2 - (-1 + 1))*-1. Let s = r + j. Calculate the highest common divisor of s and 99.
11
Let w be ((-2)/5 - 14/(-10)) + 512. What is the highest common factor of 57 and w?
57
Suppose 0 = -3*d - 1 + 7. Suppose -32 = 5*i - 3*r, -r + 8 - 23 = d*i. Let u = -1 - i. What is the highest common factor of 3 and u?
3
Let x = -9 - -18. Let u be 878/5 + 2/5. Suppose 4*c + 4*l - 188 = 2*l, 0 = 4*c - l - u. Calculate the highest common divisor of c and x.
9
Let h be (4/2)/((-2)/4). Let l be (-5)/h + (-3)/12. Let k be 2 + (l - -3 - 2). Calculate the greatest common factor of k and 16.
4
Let h be (-30)/(-12) - 1/(-2). Let w(z) = z**3 + z**2 - z + 1. Let m be w(0). What is the highest common factor of h and m?
1
Suppose -9 + 31 = r. Calculate the greatest common factor of 55 and r.
11
Let n be (-2560)/(-75) - 2/15. Calculate the highest common divisor of n and 85.
17
Suppose 0*h + h + 1 = 0. Let n be (h*2)/((-2)/8). Calculate the highest common divisor of 32 and n.
8
Let i(c) = 2*c**3 - 3*c**2. Let m be i(2). Suppose -4*r - 31 - 85 = 0. Let t be -1 + 4 - (r + 0). Calculate the greatest common factor of t and m.
4
Suppose -p = -w - 3, 4*p + 0*w = 2*w + 16. Let c = p - 4. Let i be (-41)/(-4) + c/(-4). Calculate the greatest common divisor of i and 10.
10
Suppose -54 = 5*u - 234. What is the greatest common divisor of 24 and u?
12
Let i(y) = 2*y**3 - 10*y**2 + 6*y - 2. Let d be i(5). Calculate the highest common factor of d and 112.
28
Let z = 9 + 62. Let u = z - -83. Suppose t + t = 28. Calculate the greatest common divisor of t and u.
14
Suppose o - 5*d = 0, -2*d + 2 + 2 = 0. What is the highest common factor of o and 10?
10
Let s(b) = 23*b + 37. Let d be s(6). Calculate the greatest common factor of d and 70.
35
Suppose 0 = 3*m + 2*s + 19, -2*m - m + 4*s - 43 = 0. Let r(q) = q**2 + 7*q + 8. Let x be r(m). Calculate the highest common factor of x and 65.
13
Let m be 15*(12/5)/3. Calculate the highest common factor of 132 and m.
12
Suppose -q + 1 = -25. Let v(j) = -j**3 - 4*j**2 - j + 3. Let a be v(-3). Let y be 2*39/(-18)*a. What is the highest common factor of q and y?
13
Let w = -29 - -53. What is the highest common divisor of w and 24?
24
Let x = -16 + 44. Calculate the highest common factor of x and 7.
7
Let d = 145 + 10. Calculate the highest common divisor of 31 and d.
31
Let f be 1/6 - (-118)/12. Calculate the greatest common divisor of 5 and f.
5
Suppose 5*r = r + 32. Let g be 36/r*8/6. Let b(x) = -4*x - 5. Let i be b(-5). Calculate the highest common divisor of i and g.
3
Let t(k) = k**3 - 8*k**2 - 9*k + 6. Let y be t(9). Suppose 33 + y = q. Calculate the highest common divisor of q and 13.
13
Suppose 0 = -3*d + 4*d - 2. Let i be (-21)/d*36/(-21). Calculate the highest common divisor of i and 6.
6
Let k(f) = -f**2 - 8*f - 5. Let n be k(-4). Calculate the highest common divisor of 88 and n.
11
Suppose -10*z = -29 - 111. Calculate the highest common factor of 28 and z.
14
Let y be -3*(-3)/9 + 11. Let g = y + -8. Suppose -2*i + g + 28 = 0. What is the greatest common factor of i and 8?
8
Suppose z - 2 - 2 = 0. Let y be ((-39)/(-6))/(2/z). What is the greatest common factor of 13 and y?
13
Let y = -80 + 180. Let z be (-9)/6*(-4)/3. Suppose 3*n + 4*x = 48, -z*n + 34 = 3*x - x. What is the highest common factor of n and y?
20
Let u = -44 - -78. Calculate the greatest common factor of 51 and u.
17
Suppose -4 = -2*z + 36. Suppose 3*h = -2*h + z. Suppose -v - 4*q = -22, 0 = 3*v - 3*q + h*q - 88. Calculate the highest common factor of 10 and v.
10
Suppose 4*o - 1 - 43 = 0. Calculate the greatest common factor of 1 and o.
1
Let k = 21 - 16. Suppose 4*r - 12 = s + 5, 2*r + 3*s - k = 0. Calculate the greatest common factor of 2 and r.
2
Let o(k) = -2*k - 4. Suppose -8 = -s - 4*i, -4*s - 5*i + 6 + 4 = 0. Let m = s - 3. Let u be o(m). What is the highest common divisor of u and 3?
1
Suppose 11*v - 60 = v. Let n(x) = -x**2 - 5*x. Let z be n(-3). What is the highest common divisor of z and v?
6
Let v be 3/3 - (-6)/3. Suppose 25 = 5*b + 3*f, -23 + v = -4*b - 3*f. What is the greatest common factor of b and 45?
5
Let s be 4/(-22) + 70/22. Suppose -s*l + 3*r - 107 = 2*r, 141 = -4*l + 3*r. Let q be -3*(-4)/(l/(-39)). Calculate the greatest common divisor of q and 91.
13
Let l be 60/(-16)*64/(-6). Let c = -15 - -35. Calculate the greatest common divisor of c and l.
20
Suppose -m = 0, -3*x + 0*m = 2*m - 6. Suppose 8 = 4*d - x*d. Calculate the highest common factor of d and 8.
4
Let v = 32 + 0. Calculate the greatest common factor of v and 8.
8
Let v(c) = 6*c**2 + 2*c - 1. Let q be v(1). What is the highest common divisor of 28 and q?
7
Let o be (-3)/1*3/(-9). Suppose h = -o - 2. Let x = h - -7. Calculate the greatest common divisor of 12 and x.
4
Suppose -22*d + 59 = -95. Let k(g) = -7*g